{"id":242,"date":"2023-07-22T03:39:21","date_gmt":"2023-07-22T03:39:21","guid":{"rendered":"https:\/\/saludmetodoavanzado.com\/?page_id=242"},"modified":"2023-08-26T18:47:05","modified_gmt":"2023-08-26T18:47:05","slug":"encuentranos","status":"publish","type":"page","link":"https:\/\/saludmetodoavanzado.com\/index.php\/encuentranos\/","title":{"rendered":"Encu\u00e9ntranos"},"content":{"rendered":"<p>[et_pb_section fb_built=\u00bb1&#8243; admin_label=\u00bbHeader\u00bb _builder_version=\u00bb4.21.0&#8243; _module_preset=\u00bbdefault\u00bb background_color=\u00bb#e80000&#8243; collapsed=\u00bbon\u00bb global_colors_info=\u00bb{}\u00bb][et_pb_row _builder_version=\u00bb4.19.5&#8243; _module_preset=\u00bbdefault\u00bb max_width=\u00bb700px\u00bb global_colors_info=\u00bb{}\u00bb][et_pb_column type=\u00bb4_4&#8243; _builder_version=\u00bb4.19.5&#8243; _module_preset=\u00bbdefault\u00bb global_colors_info=\u00bb{}\u00bb][et_pb_text _builder_version=\u00bb4.21.0&#8243; _module_preset=\u00bb012adf3c-fe29-419a-b8e5-012d9b3ae9ce\u00bb header_text_color=\u00bb#FFFFFF\u00bb text_orientation=\u00bbcenter\u00bb custom_margin=\u00bb||10px||false|false\u00bb global_colors_info=\u00bb{}\u00bb]<\/p>\n<h1>Encu\u00e9ntranos<\/h1>\n<p>[\/et_pb_text][\/et_pb_column][\/et_pb_row][\/et_pb_section][et_pb_section fb_built=\u00bb1&#8243; admin_label=\u00bbAbout\u00bb _builder_version=\u00bb4.19.5&#8243; _module_preset=\u00bbdefault\u00bb background_color=\u00bbgcid-9464c34f-f9ff-43eb-9668-c958662e33fc\u00bb locked=\u00bboff\u00bb collapsed=\u00bbon\u00bb global_colors_info=\u00bb{%22gcid-9464c34f-f9ff-43eb-9668-c958662e33fc%22:%91%22background_color%22%93}\u00bb][et_pb_row column_structure=\u00bb1_2,1_2&#8243; make_equal=\u00bbon\u00bb _builder_version=\u00bb4.19.5&#8243; _module_preset=\u00bbdefault\u00bb custom_padding=\u00bb||0px|||\u00bb global_colors_info=\u00bb{}\u00bb][et_pb_column type=\u00bb1_2&#8243; _builder_version=\u00bb4.19.5&#8243; _module_preset=\u00bbdefault\u00bb global_colors_info=\u00bb{}\u00bb][et_pb_image src=\u00bbhttps:\/\/saludmetodoavanzado.com\/wp-content\/uploads\/2023\/07\/health-clinic-1.png\u00bb title_text=\u00bbhealth-clinic-1&#8243; _builder_version=\u00bb4.19.5&#8243; _module_preset=\u00bbdefault\u00bb max_height=\u00bb12px\u00bb locked=\u00bboff\u00bb global_colors_info=\u00bb{}\u00bb][\/et_pb_image][et_pb_text _builder_version=\u00bb4.21.0&#8243; _module_preset=\u00bbeb1abcd3-8bd5-4b06-b1ab-d1a9f3e0574a\u00bb header_3_font_size=\u00bb37px\u00bb header_3_line_height=\u00bb1.2em\u00bb custom_margin=\u00bb-18px||10px||false|false\u00bb global_colors_info=\u00bb{}\u00bb]<\/p>\n<h3>Estamos en todo Madrid<\/h3>\n<p>[\/et_pb_text][et_pb_text _builder_version=\u00bb4.21.0&#8243; _module_preset=\u00bbe3721a3e-bb63-47a9-b818-9a5684dacbc0&#8243; hover_enabled=\u00bb0&#8243; global_colors_info=\u00bb{}\u00bb sticky_enabled=\u00bb0&#8243;]<\/p>\n<p style=\"text-align: justify;\"><a href=\"https:\/\/saludmetodoavanzado.com\/index.php\/psicologia-integral-ninos-y-adultos-alcorcon-916955473\/\">Alcorc\u00f3n<\/a> | <a href=\"https:\/\/saludmetodoavanzado.com\/index.php\/psicologia-integral-ninos-y-adultos-leganes-916955473\/\">Legan\u00e9s<\/a> | <a href=\"https:\/\/saludmetodoavanzado.com\/index.php\/psicologia-integral-ninos-y-adultos-parla-916955473\/\">Parla<\/a> | <a href=\"https:\/\/saludmetodoavanzado.com\/index.php\/psicologia-integral-ninos-y-adultos-fuenlabrada-916955473\/\">Fuenlabrada<\/a> | <a href=\"https:\/\/saludmetodoavanzado.com\/index.php\/psicologia-integral-ninos-y-adultos-madrid-916955473\/\">Madrid<\/a> | <a href=\"https:\/\/saludmetodoavanzado.com\/index.php\/psicologia-integral-ninos-y-adultos-madrid-centro-916955473\/\">Madrid Centro<\/a> | <a href=\"https:\/\/saludmetodoavanzado.com\/index.php\/psicologia-integral-ninos-y-adultos-madrid-sur-916955473\/\">Madrid Sur<\/a> | <a href=\"https:\/\/saludmetodoavanzado.com\/index.php\/psicologia-integral-ninos-y-adultos-algete-916955473\/\">Algete<\/a> | <a href=\"https:\/\/saludmetodoavanzado.com\/index.php\/psicologia-integral-ninos-y-adultos-aranjuez-916955473\/\">Aranjuez<\/a> | <a href=\"https:\/\/saludmetodoavanzado.com\/index.php\/psicologia-integral-ninos-y-adultos-arganda-del-rey-916955473\/\">Arganda del Rey<\/a> | <a href=\"https:\/\/saludmetodoavanzado.com\/index.php\/psicologia-integral-ninos-y-adultos-arroyomolinos-916955473\/\">Arroyomolinos<\/a> | <a href=\"https:\/\/saludmetodoavanzado.com\/index.php\/psicologia-integral-ninos-y-adultos-batres-916955473\/\">Batres<\/a> | <a href=\"https:\/\/saludmetodoavanzado.com\/index.php\/psicologia-integral-ninos-y-adultos-boadilla-del-monte-916955473\/\">Boadilla del Monte<\/a> | <a href=\"https:\/\/saludmetodoavanzado.com\/index.php\/psicologia-integral-ninos-y-adultos-brunete-916955473\/\">Brunete<\/a> | <a href=\"https:\/\/saludmetodoavanzado.com\/index.php\/psicologia-integral-ninos-y-adultos-campo-real-916955473\/\">Campo Real<\/a> | <a href=\"https:\/\/saludmetodoavanzado.com\/index.php\/psicologia-integral-ninos-y-adultos-camarma-de-esteruelas-916955473\/\">Camarma de Esteruelas<\/a> | <a href=\"https:\/\/saludmetodoavanzado.com\/index.php\/psicologia-integral-ninos-y-adultos-casarrubuelos-916955473\/\">Casarrubuelos<\/a> | <a href=\"https:\/\/saludmetodoavanzado.com\/index.php\/psicologia-integral-ninos-y-adultos-chapineria-916955473\/\">Chapiner\u00eda<\/a> | <a href=\"https:\/\/saludmetodoavanzado.com\/index.php\/psicologia-integral-ninos-y-adultos-ciempozuelos-916955473\/\">Ciempozuelos<\/a> | <a href=\"https:\/\/saludmetodoavanzado.com\/index.php\/psicologia-integral-ninos-y-adultos-collado-mediano-916955473\/\">Collado Mediano<\/a> | <a href=\"https:\/\/saludmetodoavanzado.com\/index.php\/psicologia-integral-ninos-y-adultos-collado-villalba-916955473\/\">Collado Villalba<\/a> | <a href=\"https:\/\/saludmetodoavanzado.com\/index.php\/psicologia-integral-ninos-y-adultos-colmenar-viejo-916955473\/\">Colmenar Viejo<\/a> | <a href=\"https:\/\/saludmetodoavanzado.com\/index.php\/psicologia-integral-ninos-y-adultos-colmenarejo-916955473\/\">Colmenarejo<\/a> | <a href=\"https:\/\/saludmetodoavanzado.com\/index.php\/psicologia-integral-ninos-y-adultos-coslada-916955473\/\">Coslada<\/a> | <a href=\"https:\/\/saludmetodoavanzado.com\/index.php\/psicologia-integral-ninos-y-adultos-cubas-de-la-sagra-916955473\/\">Cubas de la Sagra<\/a> | <a href=\"https:\/\/saludmetodoavanzado.com\/index.php\/psicologia-integral-ninos-y-adultos-el-escorial-916955473\/\">El Escorial<\/a> | <a href=\"https:\/\/saludmetodoavanzado.com\/index.php\/psicologia-integral-ninos-y-adultos-el-alamo-916955473\/\">El \u00c1lamo<\/a> | <a href=\"https:\/\/saludmetodoavanzado.com\/index.php\/psicologia-integral-ninos-y-adultos-el-atazar-916955473\/\">El Atazar<\/a> | <a href=\"https:\/\/saludmetodoavanzado.com\/index.php\/psicologia-integral-ninos-y-adultos-galapar-916955473\/\">Galapar<\/a> | <a href=\"https:\/\/saludmetodoavanzado.com\/index.php\/psicologia-integral-ninos-y-adultos-getafe-916955473\/\">Getafe<\/a> | <a href=\"https:\/\/saludmetodoavanzado.com\/index.php\/psicologia-integral-ninos-y-adultos-grinon-916955473\/\">Gri\u00f1\u00f3n<\/a> | <a href=\"https:\/\/saludmetodoavanzado.com\/index.php\/psicologia-integral-ninos-y-adultos-hoyo-de-manzanares-916955473\/\">Hoyo de Manzanares<\/a> | <a href=\"https:\/\/saludmetodoavanzado.com\/index.php\/psicologia-integral-ninos-y-adultos-humanes-de-madrid-916955473\/\">Humanes de Madrid<\/a> | <a href=\"https:\/\/saludmetodoavanzado.com\/index.php\/psicologia-integral-ninos-y-adultos-loeches-916955473\/\">Loeches<\/a> | <a href=\"https:\/\/saludmetodoavanzado.com\/index.php\/psicologia-integral-ninos-y-adultos-majadahonda-916955473\/\">Majadahonda<\/a> | <a href=\"https:\/\/saludmetodoavanzado.com\/index.php\/psicologia-integral-ninos-y-adultos-manzanares-el-real-916955473\/\">Manzanares el Real<\/a> | <a href=\"https:\/\/saludmetodoavanzado.com\/index.php\/psicologia-integral-ninos-y-adultos-meco-916955473\/\">Meco<\/a> | <a href=\"https:\/\/saludmetodoavanzado.com\/index.php\/psicologia-integral-ninos-y-adultos-mejorada-del-campo-916955473\/\">Mejorada del Campo<\/a> | <a href=\"https:\/\/saludmetodoavanzado.com\/index.php\/psicologia-integral-ninos-y-adultos-miraflores-de-la-sierra-916955473\/\">Miraflores de la Sierra<\/a> | <a href=\"https:\/\/saludmetodoavanzado.com\/index.php\/psicologia-integral-ninos-y-adultos-moraleja-de-enmedio-916955473\/\">Moraleja de Enmedio<\/a> | <a href=\"https:\/\/saludmetodoavanzado.com\/index.php\/psicologia-integral-ninos-y-adultos-mostoles-916955473\/\">M\u00f3stoles<\/a> | <a href=\"https:\/\/saludmetodoavanzado.com\/index.php\/psicologia-integral-ninos-y-adultos-navalcarnero-916955473\/\">Navalcarnero<\/a> | <a href=\"https:\/\/saludmetodoavanzado.com\/index.php\/psicologia-integral-ninos-y-adultos-nuevo-baztan-916955473\/\">Nuevo Bazt\u00e1n<\/a> | <a href=\"https:\/\/saludmetodoavanzado.com\/index.php\/psicologia-integral-ninos-y-adultos-paracuellos-de-jarama-916955473\/\">Paracuellos de Jarama<\/a> | <a href=\"https:\/\/saludmetodoavanzado.com\/index.php\/psicologia-integral-ninos-y-adultos-pinto-916955473\/\">Pinto<\/a> | <a href=\"https:\/\/saludmetodoavanzado.com\/index.php\/psicologia-integral-ninos-y-adultos-pozuelo-de-alarcon-916955473\/\">Pozuelo de Alarc\u00f3n<\/a> | <a href=\"https:\/\/saludmetodoavanzado.com\/index.php\/psicologia-integral-ninos-y-adultos-rivas-vaciamadrid-916955473\/\">Rivas-Vaciamadrid<\/a> | <a href=\"https:\/\/saludmetodoavanzado.com\/index.php\/psicologia-integral-ninos-y-adultos-robledo-de-chabela-916955473\/\">Robledo de Chabela<\/a> | <a href=\"https:\/\/saludmetodoavanzado.com\/index.php\/psicologia-integral-ninos-y-adultos-las-rozas-de-madrid-916955473\/\">Las Rozas de Madrid<\/a> | <a href=\"https:\/\/saludmetodoavanzado.com\/index.php\/psicologia-integral-ninos-y-adultos-san-fernando-de-henares-916955473\/\">San Fernando de Henares<\/a> | <a href=\"https:\/\/saludmetodoavanzado.com\/index.php\/psicologia-integral-ninos-y-adultos-san-lorenzo-de-el-escorial-916955473\/\">San Lorenzo de El Escorial<\/a> | <a href=\"https:\/\/saludmetodoavanzado.com\/index.php\/psicologia-integral-ninos-y-adultos-san-martin-de-la-vega-916955473\/\">San Mart\u00edn de la Vega<\/a> | <a href=\"https:\/\/saludmetodoavanzado.com\/index.php\/psicologia-integral-ninos-y-adultos-san-martin-de-valdeiglesias-916955473\/\">San Mart\u00edn de Valdeiglesias<\/a> | <a href=\"https:\/\/saludmetodoavanzado.com\/index.php\/psicologia-integral-ninos-y-adultos-san-sebastian-de-los-reyes-916955473\/\">San Sebasti\u00e1n de los Reyes<\/a> | <a href=\"https:\/\/saludmetodoavanzado.com\/index.php\/psicologia-integral-ninos-y-adultos-serranillos-del-valle-916955473\/\">Serranillos del Valle<\/a> | <a href=\"https:\/\/saludmetodoavanzado.com\/index.php\/psicologia-integral-ninos-y-adultos-soto-del-real-916955473\/\">Soto del Real<\/a> | <a href=\"https:\/\/saludmetodoavanzado.com\/index.php\/psicologia-integral-ninos-y-adultos-torrejon-de-ardoz-916955473\/\">Torrej\u00f3n de Ardoz<\/a> | <a href=\"https:\/\/saludmetodoavanzado.com\/index.php\/psicologia-integral-ninos-y-adultos-torrejon-de-la-calzada-916955473\/\">Torrej\u00f3n de la Calzada<\/a> | <a href=\"https:\/\/saludmetodoavanzado.com\/index.php\/psicologia-integral-ninos-y-adultos-torrejon-de-velasco-916955473\/\">Torrej\u00f3n de Velasco<\/a> |<\/p>\n<p>[\/et_pb_text][et_pb_text _builder_version=\u00bb4.21.0&#8243; _module_preset=\u00bbeb1abcd3-8bd5-4b06-b1ab-d1a9f3e0574a\u00bb header_3_line_height=\u00bb1.2em\u00bb custom_margin=\u00bb||10px||false|false\u00bb locked=\u00bboff\u00bb global_colors_info=\u00bb{}\u00bb]<\/p>\n<h3><strong>Alcorc\u00f3n, Fuenlabrada, Getafe, Leganes, Parla.<\/strong><\/h3>\n<p>[\/et_pb_text][et_pb_text _builder_version=\u00bb4.21.0&#8243; _module_preset=\u00bbdefault\u00bb text_font_size=\u00bb18px\u00bb hover_enabled=\u00bb0&#8243; global_colors_info=\u00bb{}\u00bb sticky_enabled=\u00bb0&#8243;]<\/p>\n<p style=\"text-align: center;\"><em><strong>\u00a1Nosotros s\u00ed te vamos a ayudar!<\/strong><\/em><\/p>\n<p>[\/et_pb_text][\/et_pb_column][et_pb_column type=\u00bb1_2&#8243; _builder_version=\u00bb4.19.5&#8243; _module_preset=\u00bbdefault\u00bb global_colors_info=\u00bb{}\u00bb][et_pb_image src=\u00bbhttps:\/\/saludmetodoavanzado.com\/wp-content\/uploads\/2023\/07\/health-center-01-1.jpg\u00bb title_text=\u00bbhealth-center-01-1&#8243; _builder_version=\u00bb4.21.0&#8243; _module_preset=\u00bbdefault\u00bb border_radii=\u00bbon|10px|10px|10px|10px\u00bb global_colors_info=\u00bb{}\u00bb][\/et_pb_image][et_pb_image src=\u00bbhttps:\/\/saludmetodoavanzado.com\/wp-content\/uploads\/2023\/07\/health-clinic-2.png\u00bb title_text=\u00bbhealth-clinic-2&#8243; disabled_on=\u00bbon|on|off\u00bb _builder_version=\u00bb4.21.0&#8243; _module_preset=\u00bbdefault\u00bb positioning=\u00bbabsolute\u00bb position_origin_a=\u00bbtop_right\u00bb vertical_offset=\u00bb-8%\u00bb horizontal_offset=\u00bb-8%\u00bb width=\u00bb30%\u00bb global_colors_info=\u00bb{}\u00bb][\/et_pb_image][\/et_pb_column][\/et_pb_row][et_pb_row _builder_version=\u00bb4.21.0&#8243; _module_preset=\u00bbdefault\u00bb disabled_on=\u00bbon|on|off\u00bb hover_enabled=\u00bb0&#8243; sticky_enabled=\u00bb0&#8243; locked=\u00bboff\u00bb][et_pb_column _builder_version=\u00bb4.21.0&#8243; _module_preset=\u00bbdefault\u00bb type=\u00bb4_4&#8243; theme_builder_area=\u00bbpost_content\u00bb][et_pb_text _builder_version=\u00bb4.21.0&#8243; _module_preset=\u00bbdefault\u00bb theme_builder_area=\u00bbpost_content\u00bb header_5_line_height=\u00bb1.8em\u00bb hover_enabled=\u00bb0&#8243; sticky_enabled=\u00bb0&#8243; custom_margin=\u00bb30px|200px|30px|200px|true|true\u00bb custom_padding=\u00bb20px|20px|20px|20px|true|true\u00bb border_width_all=\u00bb3px\u00bb border_color_all=\u00bb#FF0400&#8243;]<\/p>\n<h5 style=\"text-align: center;\"><strong>Somos su Centro M\u00e9dico de Confianza; con 25 a\u00f1os de Experiencia <\/strong><br \/><strong>Psicolog\u00eda y Logopedia Integral Ni\u00f1os y Adultos <\/strong><br \/><a href=\"tel:\/+34916955473\"><strong>916955473<\/strong><\/a><br \/><strong>Centro Asistencial TDAH.<\/strong><\/h5>\n<p>[\/et_pb_text][\/et_pb_column][\/et_pb_row][et_pb_row _builder_version=\u00bb4.21.0&#8243; _module_preset=\u00bbdefault\u00bb hover_enabled=\u00bb0&#8243; sticky_enabled=\u00bb0&#8243; disabled_on=\u00bboff|off|on\u00bb locked=\u00bboff\u00bb][et_pb_column _builder_version=\u00bb4.21.0&#8243; _module_preset=\u00bbdefault\u00bb type=\u00bb4_4&#8243; theme_builder_area=\u00bbpost_content\u00bb][et_pb_text _builder_version=\u00bb4.21.0&#8243; _module_preset=\u00bbdefault\u00bb theme_builder_area=\u00bbpost_content\u00bb header_5_line_height=\u00bb1.8em\u00bb hover_enabled=\u00bb0&#8243; sticky_enabled=\u00bb0&#8243; custom_margin=\u00bb30px||30px||true|true\u00bb custom_padding=\u00bb20px|20px|20px|20px|true|true\u00bb border_width_all=\u00bb3px\u00bb border_color_all=\u00bb#FF0400&#8243;]<\/p>\n<h5 style=\"text-align: center;\"><strong>Somos su Centro M\u00e9dico de Confianza en Torrej\u00f3n de Ardoz; con 25 a\u00f1os de Experiencia <\/strong><br \/><strong>Psicolog\u00eda y Logopedia Integral Ni\u00f1os y Adultos <\/strong><br \/><a href=\"tel:\/+34916955473\"><strong>916955473<\/strong><\/a><br \/><strong>Centro Asistencial TDAH.<\/strong><\/h5>\n<p>[\/et_pb_text][\/et_pb_column][\/et_pb_row][\/et_pb_section][et_pb_section fb_built=\u00bb1&#8243; admin_label=\u00bbCall to Action\u00bb _builder_version=\u00bb4.21.0&#8243; _module_preset=\u00bbdefault\u00bb background_color=\u00bbRGBA(224,43,32,0.84)\u00bb background_image=\u00bbhttps:\/\/saludmetodoavanzado.com\/wp-content\/uploads\/2023\/07\/health-clinic-24.jpg\u00bb background_blend=\u00bboverlay\u00bb custom_padding=\u00bb10vw||10vw||true|false\u00bb saved_tabs=\u00bball\u00bb locked=\u00bboff\u00bb collapsed=\u00bbon\u00bb global_colors_info=\u00bb{}\u00bb][et_pb_row _builder_version=\u00bb4.19.5&#8243; _module_preset=\u00bbdefault\u00bb max_width=\u00bb800px\u00bb global_colors_info=\u00bb{}\u00bb][et_pb_column type=\u00bb4_4&#8243; _builder_version=\u00bb4.19.5&#8243; _module_preset=\u00bbdefault\u00bb global_colors_info=\u00bb{}\u00bb][et_pb_icon font_icon=\u00bb&#xf21e;||fa||900&#8243; icon_color=\u00bb#FFFFFF\u00bb icon_width=\u00bb24px\u00bb _builder_version=\u00bb4.21.0&#8243; _module_preset=\u00bbdefault\u00bb global_colors_info=\u00bb{}\u00bb][\/et_pb_icon][et_pb_divider color=\u00bb#FFFFFF\u00bb _builder_version=\u00bb4.21.0&#8243; _module_preset=\u00bbdefault\u00bb max_width=\u00bb165px\u00bb module_alignment=\u00bbcenter\u00bb global_colors_info=\u00bb{}\u00bb][\/et_pb_divider][et_pb_text _builder_version=\u00bb4.21.0&#8243; _module_preset=\u00bbfbbb8d30-a996-4018-8358-6933d758e3e7&#8243; header_2_text_color=\u00bb#FFFFFF\u00bb text_orientation=\u00bbcenter\u00bb global_colors_info=\u00bb{}\u00bb]<\/p>\n<h2>Somos Salud M\u00e9todo Avanzado<\/h2>\n<p>[\/et_pb_text][et_pb_button button_url=\u00bbtel:\/+34916955473&#8243; button_text=\u00bbLlama al 916955473&#8243; button_alignment=\u00bbcenter\u00bb _builder_version=\u00bb4.21.0&#8243; _module_preset=\u00bbdefault\u00bb custom_button=\u00bbon\u00bb button_text_size=\u00bb16px\u00bb button_text_color=\u00bb#FFFFFF\u00bb button_bg_color=\u00bb#000000&#8243; button_border_color=\u00bb#000000&#8243; button_font=\u00bb|600|||||||\u00bb button_icon=\u00bb&#x49;||divi||400&#8243; locked=\u00bboff\u00bb global_colors_info=\u00bb{}\u00bb][\/et_pb_button][\/et_pb_column][\/et_pb_row][\/et_pb_section]<\/p>\n","protected":false},"excerpt":{"rendered":"<p>Encu\u00e9ntranosEstamos en todo MadridAlcorc\u00f3n | Legan\u00e9s | Parla | Fuenlabrada | Madrid | Madrid Centro | Madrid Sur | Algete | Aranjuez | Arganda del Rey | Arroyomolinos | Batres | Boadilla del Monte | Brunete | Campo Real | Camarma de Esteruelas | Casarrubuelos | Chapiner\u00eda | Ciempozuelos | Collado Mediano | Collado Villalba [&hellip;]<\/p>\n","protected":false},"author":1,"featured_media":0,"parent":0,"menu_order":0,"comment_status":"closed","ping_status":"closed","template":"","meta":{"_et_pb_use_builder":"on","_et_pb_old_content":"<!-- wp:divi\/placeholder \/-->","_et_gb_content_width":"","_joinchat":[],"footnotes":""},"class_list":["post-242","page","type-page","status-publish","hentry"],"_links":{"self":[{"href":"https:\/\/saludmetodoavanzado.com\/index.php\/wp-json\/wp\/v2\/pages\/242","targetHints":{"allow":["GET"]}}],"collection":[{"href":"https:\/\/saludmetodoavanzado.com\/index.php\/wp-json\/wp\/v2\/pages"}],"about":[{"href":"https:\/\/saludmetodoavanzado.com\/index.php\/wp-json\/wp\/v2\/types\/page"}],"author":[{"embeddable":true,"href":"https:\/\/saludmetodoavanzado.com\/index.php\/wp-json\/wp\/v2\/users\/1"}],"replies":[{"embeddable":true,"href":"https:\/\/saludmetodoavanzado.com\/index.php\/wp-json\/wp\/v2\/comments?post=242"}],"version-history":[{"count":23,"href":"https:\/\/saludmetodoavanzado.com\/index.php\/wp-json\/wp\/v2\/pages\/242\/revisions"}],"predecessor-version":[{"id":701,"href":"https:\/\/saludmetodoavanzado.com\/index.php\/wp-json\/wp\/v2\/pages\/242\/revisions\/701"}],"wp:attachment":[{"href":"https:\/\/saludmetodoavanzado.com\/index.php\/wp-json\/wp\/v2\/media?parent=242"}],"curies":[{"name":"wp","href":"https:\/\/api.w.org\/{rel}","templated":true}]}}